{"id":83,"date":"2025-02-03T14:27:32","date_gmt":"2025-02-03T14:27:32","guid":{"rendered":"https:\/\/psiholoskapraksagrbavac.hr\/?page_id=83"},"modified":"2025-08-25T11:51:36","modified_gmt":"2025-08-25T11:51:36","slug":"o-meni","status":"publish","type":"page","link":"https:\/\/psiholoskapraksagrbavac.hr\/?page_id=83","title":{"rendered":"O meni&#8230;"},"content":{"rendered":"\t\t<div data-elementor-type=\"wp-page\" data-elementor-id=\"83\" class=\"elementor elementor-83\">\n\t\t\t\t<div class=\"elementor-element elementor-element-a2af196 e-flex e-con-boxed e-con e-parent\" data-id=\"a2af196\" data-element_type=\"container\" data-e-type=\"container\">\n\t\t\t\t\t<div class=\"e-con-inner\">\n\t\t\t\t<div class=\"elementor-element elementor-element-deca20d elementor-widget elementor-widget-heading\" data-id=\"deca20d\" data-element_type=\"widget\" data-e-type=\"widget\" data-widget_type=\"heading.default\">\n\t\t\t\t<div class=\"elementor-widget-container\">\n\t\t\t\t\t<h2 class=\"elementor-heading-title elementor-size-default\">Dje\u010dji psiholog Split<\/h2>\t\t\t\t<\/div>\n\t\t\t\t<\/div>\n\t\t\t\t\t<\/div>\n\t\t\t\t<\/div>\n\t\t<div class=\"elementor-element elementor-element-2976f7a e-flex e-con-boxed e-con e-parent\" data-id=\"2976f7a\" data-element_type=\"container\" data-e-type=\"container\">\n\t\t\t\t\t<div class=\"e-con-inner\">\n\t\t\t\t<div class=\"elementor-element elementor-element-2fb8f9a elementor-widget elementor-widget-text-editor\" data-id=\"2fb8f9a\" data-element_type=\"widget\" data-e-type=\"widget\" data-widget_type=\"text-editor.default\">\n\t\t\t\t<div class=\"elementor-widget-container\">\n\t\t\t\t\t\t\t\t\t<div>\n<div>\n<div>\n<div>\n<div>\n<p>Zovem se Mia Grbavac, magistra sam psihologije i ve\u0107 10 godina radim u sustavu odgoja i obrazovanja kao stru\u010dni suradnik- mentor.<\/p>\n<p>Studij psihologije zavr\u0161ila sam u Zadru s prosjekom ocjena 4,9 i nagradom za Izniman zavr\u0161ni rad Odjela za psihologiju te sam bila dobitnica dr\u017eavne stipendije za najboljeg studenta Odjela za psihologiju Sveu\u010dili\u0161ta u Zadru.<\/p>\n<p>Nakon studija radila sam u srednjoj \u0161koli, a nakon toga u osnovnoj \u0161koli kao stru\u010dni suradnik provode\u0107i psihodijagnostiku djece, savjetovanje u\u010denika i roditelja o razli\u010ditim temama, psihoedukativne radionice i roditeljske sastanke. Zavr\u0161ila sam osnovni i napredni stupanj medijacije te se kontinuirano usavr\u0161avam u razli\u010ditim podru\u010djima psihologije kroz edukacije, seminare, radionice, treninge i stru\u010dnu literaturu posebno iz podru\u010dja rada na socijalnim i emocionalnim te\u0161ko\u0107ama (tjeskoba, strah, fobije, anksioznost, depresija,\u2026), rada s djecom s ADHD-om, autizmom, prevencije nasilja, pru\u017eanja prve pomo\u0107i u kriznim intervencijama, rad na samopouzdanju i samopoimanju i dr. Zavr\u0161ila sam edukacije za razli\u010dite psihodijagnosti\u010dke instrumente te imam velikog iskustva u procjeni dje\u010djeg razvoja kao i dijagnosticiranju te\u0161ko\u0107a. Poha\u0111ala sam cijeli niz treninga vezanih uz NTC u\u010denje dr. Ranka Rajovi\u0107a.<\/p>\n<p>Tijekom svog rada s djecom i mladima stekla sam desetogodi\u0161nje iskustvo rada na razli\u010ditim problemima koji mu\u010de djecu, mlade, njihove roditelje i odrasle. Imala sam priliku raditi na cijelom nizu problema s kojima se susre\u0107u djeca i mladi: te\u0161ko\u0107e u u\u010denju, intelektualne te\u0161ko\u0107e, socio-emocionalni problemi, selektivni mutizam, ispitna anksioznost, socijalna anksioznost, problem sa samopouzdanjem, promjene u obiteljskoj dinamici i cijeli niz drugih problema.<\/p>\n<p>Objavila sam dva znanstvena rada te sudjelovala u provo\u0111enju i organizaciji cijelog niza istra\u017eivanja u podru\u010dju psihologije.<\/p>\n<p>U svom radu prvenstveno radim da ostvarivanju dobrog odnosa s ljudima s kojima radim. Taj odnos treba biti iskren, podr\u017eavaju\u0107 i pun povjerenja kako bismo zajedni\u010dki ostvarili postavljene ciljeve. Veliki sam zaljubljenik u svoj posao i vi\u0161e ga gledam kao poziv koji me motivira da i dalje radim najbolje \u0161to mogu te da rastem i napredujem i dalje.<\/p>\n<p>Majka sam dvoje djece potpuno razli\u010ditih osobnosti koji stvaraju nove izazove i pru\u017eaju dodatni uvid u svijet roditeljstva. Volim svoje slobodno vrijeme provoditi na suncu, uz dobru knjigu i \u0161alicu kave.<\/p>\n<p>Nadam se da \u0107emo zajedno krenuti na put promjena i rasta. Jer najbolje utro\u0161eno vrijeme je ono koje utro\u0161imo radom na sebi.<\/p>\n<\/div>\n<\/div>\n<div>\n<div>\n<figure>\n<figure><img decoding=\"async\" src=\"https:\/\/psiholoskapraksagrbavac.hr\/wp-content\/uploads\/2025\/02\/WhatsApp-Image-2025-02-01-at-22.54.58-3.jpeg\" alt=\"\"><\/figure>\n<p><!-- \/wp:image --><\/p>\n<\/figure>\n<p><!-- \/wp:gallery --><\/p>\n<\/div>\n<p><!-- \/wp:group --><\/p>\n<\/div>\n<p><!-- \/wp:column --><\/p>\n<\/div>\n<p><!-- \/wp:columns --><\/p>\n<\/div>\n<\/div><p><!-- \/wp:cover --><!-- wp:columns --><\/p><p>\n\n<\/p><div class=\"wp-block-columns\">&nbsp;<\/div>\t\t\t\t\t\t\t\t<\/div>\n\t\t\t\t<\/div>\n\t\t\t\t\t<\/div>\n\t\t\t\t<\/div>\n\t\t<div class=\"elementor-element elementor-element-fc8d323 e-flex e-con-boxed e-con e-parent\" data-id=\"fc8d323\" data-element_type=\"container\" data-e-type=\"container\">\n\t\t\t\t\t<div class=\"e-con-inner\">\n\t\t\t\t<div class=\"elementor-element elementor-element-da7cad0 elementor-widget elementor-widget-text-editor\" data-id=\"da7cad0\" data-element_type=\"widget\" data-e-type=\"widget\" data-widget_type=\"text-editor.default\">\n\t\t\t\t<div class=\"elementor-widget-container\">\n\t\t\t\t\t\t\t\t\t<ul class=\"wp-block-navigation__container is-responsive items-justified-right wp-block-navigation\" style=\"position: relative; --navigation-layout-justification-setting: flex-end; --navigation-layout-direction: row; --navigation-layout-wrap: wrap; --navigation-layout-justify: flex-end; --navigation-layout-align: center; gap: inherit; align-items: center; display: flex; flex-flow: wrap; list-style: none; margin: 0px; padding: 0px; font-size: 18px; flex-grow: 1; color: #516028; letter-spacing: -0.22px;\">\n<li class=\" wp-block-navigation-item wp-block-navigation-link\" style=\"list-style: none; padding: 0px; align-items: center; background-color: inherit; display: flex; position: relative; text-align: left;\"><span style=\"font-size: 12pt;\"><a class=\"wp-block-navigation-item__content\" style=\"display: block;\" href=\"https:\/\/psiholoskapraksagrbavac.hr\/?page_id=83\">\u00a0<\/a><\/span><\/li>\n<li class=\" wp-block-navigation-item wp-block-navigation-link\" style=\"list-style: none; padding: 0px; align-items: center; background-color: inherit; display: flex; position: relative;\"><span style=\"font-size: 12pt;\"><a class=\"wp-block-navigation-item__content\" style=\"display: block;\" href=\"https:\/\/psiholoskapraksagrbavac.hr\/?page_id=84\"><span class=\"wp-block-navigation-item__label\" style=\"overflow-wrap: break-word;\">Usluge\u00a0 \u00a0\u00a0<\/span><\/a><\/span><\/li>\n<li class=\" wp-block-navigation-item wp-block-navigation-link\" style=\"list-style: none; padding: 0px; align-items: center; background-color: inherit; display: flex; position: relative;\"><span style=\"font-size: 12pt;\"><a class=\"wp-block-navigation-item__content\" style=\"display: block;\" href=\"https:\/\/psiholoskapraksagrbavac.hr\/?page_id=86\"><span class=\"wp-block-navigation-item__label\" style=\"overflow-wrap: break-word;\">Cjenik\u00a0 \u00a0\u00a0<\/span><\/a><\/span><\/li>\n<li class=\" wp-block-navigation-item wp-block-navigation-link\" style=\"list-style: none; padding: 0px; align-items: center; background-color: inherit; display: flex; position: relative;\"><span style=\"font-size: 12pt;\"><a class=\"wp-block-navigation-item__content\" style=\"display: block;\" href=\"https:\/\/psiholoskapraksagrbavac.hr\/?page_id=109\"><span class=\"wp-block-navigation-item__label\" style=\"overflow-wrap: break-word;\">Galerija\u00a0 \u00a0\u00a0<\/span><\/a><\/span><\/li>\n<li class=\" wp-block-navigation-item wp-block-navigation-link\" style=\"list-style: none; padding: 0px; align-items: center; background-color: inherit; display: flex; position: relative;\"><span style=\"font-size: 12pt;\"><a class=\"wp-block-navigation-item__content\" style=\"display: block;\" href=\"https:\/\/psiholoskapraksagrbavac.hr\/?page_id=88\"><span class=\"wp-block-navigation-item__label\" style=\"overflow-wrap: break-word;\">Kontakt\u00a0\u00a0<\/span><\/a><\/span><\/li>\n<li class=\" wp-block-navigation-item wp-block-navigation-link\" style=\"list-style: none; padding: 0px; align-items: center; background-color: inherit; display: flex; position: relative;\"><span style=\"font-size: 12pt;\"><a class=\"wp-block-navigation-item__content\" style=\"display: block;\" href=\"https:\/\/psiholoskapraksagrbavac.hr\/\"><span class=\"wp-block-navigation-item__label\" style=\"overflow-wrap: break-word;\">Po\u010detna<\/span><\/a><\/span><\/li>\n<\/ul>\t\t\t\t\t\t\t\t<\/div>\n\t\t\t\t<\/div>\n\t\t\t\t\t<\/div>\n\t\t\t\t<\/div>\n\t\t\t\t<\/div>\n\t\t","protected":false},"excerpt":{"rendered":"<p>Dje\u010dji psiholog Split Zovem se Mia Grbavac, magistra sam psihologije i ve\u0107 10 godina radim u sustavu odgoja i obrazovanja kao stru\u010dni suradnik- mentor. Studij psihologije zavr\u0161ila sam u Zadru s prosjekom ocjena 4,9 i nagradom za Izniman zavr\u0161ni rad Odjela za psihologiju te sam bila dobitnica dr\u017eavne stipendije za najboljeg studenta Odjela za psihologiju [&hellip;]<\/p>\n","protected":false},"author":1,"featured_media":0,"parent":0,"menu_order":0,"comment_status":"closed","ping_status":"closed","template":"","meta":{"_monsterinsights_skip_tracking":false,"_monsterinsights_sitenote_active":false,"_monsterinsights_sitenote_note":"","_monsterinsights_sitenote_category":0,"footnotes":""},"class_list":["post-83","page","type-page","status-publish","hentry"],"yoast_head":"<!-- This site is optimized with the Yoast SEO plugin v27.3 - https:\/\/yoast.com\/product\/yoast-seo-wordpress\/ -->\n<title>Growing Minds | Psiholog Split<\/title>\n<meta name=\"description\" content=\"Psiholog Split - Mia Grbavac, stru\u010dna psiholo\u0161ka pomo\u0107 za djecu, mlade i roditelje. Nudimo usluge psiholo\u0161kog savjetovanja i dijagnostike.\" \/>\n<meta name=\"robots\" content=\"index, follow, max-snippet:-1, max-image-preview:large, max-video-preview:-1\" \/>\n<link rel=\"canonical\" href=\"https:\/\/psiholoskapraksagrbavac.hr\/?page_id=83\" \/>\n<meta property=\"og:locale\" content=\"hr_HR\" \/>\n<meta property=\"og:type\" content=\"article\" \/>\n<meta property=\"og:title\" content=\"Growing Minds | Psiholog Split\" \/>\n<meta property=\"og:description\" content=\"Psiholog Split - Mia Grbavac, stru\u010dna psiholo\u0161ka pomo\u0107 za djecu, mlade i roditelje. Nudimo usluge psiholo\u0161kog savjetovanja i dijagnostike.\" \/>\n<meta property=\"og:url\" content=\"https:\/\/psiholoskapraksagrbavac.hr\/?page_id=83\" \/>\n<meta property=\"og:site_name\" content=\"Growing Minds privatna psiholo\u0161ka praksa Mia Grbavac\" \/>\n<meta property=\"article:publisher\" content=\"https:\/\/www.facebook.com\/profile.php?id=61570028410132\" \/>\n<meta property=\"article:modified_time\" content=\"2025-08-25T11:51:36+00:00\" \/>\n<meta property=\"og:image\" content=\"https:\/\/psiholoskapraksagrbavac.hr\/wp-content\/uploads\/2025\/02\/WhatsApp-Image-2025-02-01-at-22.54.58-3.jpeg\" \/>\n<meta name=\"twitter:card\" content=\"summary_large_image\" \/>\n<meta name=\"twitter:label1\" content=\"Procijenjeno vrijeme \u010ditanja\" \/>\n\t<meta name=\"twitter:data1\" content=\"3 minute\" \/>\n<script type=\"application\/ld+json\" class=\"yoast-schema-graph\">{\"@context\":\"https:\\\/\\\/schema.org\",\"@graph\":[{\"@type\":\"WebPage\",\"@id\":\"https:\\\/\\\/psiholoskapraksagrbavac.hr\\\/?page_id=83\",\"url\":\"https:\\\/\\\/psiholoskapraksagrbavac.hr\\\/?page_id=83\",\"name\":\"Growing Minds | Psiholog Split\",\"isPartOf\":{\"@id\":\"https:\\\/\\\/psiholoskapraksagrbavac.hr\\\/#website\"},\"primaryImageOfPage\":{\"@id\":\"https:\\\/\\\/psiholoskapraksagrbavac.hr\\\/?page_id=83#primaryimage\"},\"image\":{\"@id\":\"https:\\\/\\\/psiholoskapraksagrbavac.hr\\\/?page_id=83#primaryimage\"},\"thumbnailUrl\":\"https:\\\/\\\/psiholoskapraksagrbavac.hr\\\/wp-content\\\/uploads\\\/2025\\\/02\\\/WhatsApp-Image-2025-02-01-at-22.54.58-3.jpeg\",\"datePublished\":\"2025-02-03T14:27:32+00:00\",\"dateModified\":\"2025-08-25T11:51:36+00:00\",\"description\":\"Psiholog Split - Mia Grbavac, stru\u010dna psiholo\u0161ka pomo\u0107 za djecu, mlade i roditelje. Nudimo usluge psiholo\u0161kog savjetovanja i dijagnostike.\",\"breadcrumb\":{\"@id\":\"https:\\\/\\\/psiholoskapraksagrbavac.hr\\\/?page_id=83#breadcrumb\"},\"inLanguage\":\"hr\",\"potentialAction\":[{\"@type\":\"ReadAction\",\"target\":[\"https:\\\/\\\/psiholoskapraksagrbavac.hr\\\/?page_id=83\"]}]},{\"@type\":\"ImageObject\",\"inLanguage\":\"hr\",\"@id\":\"https:\\\/\\\/psiholoskapraksagrbavac.hr\\\/?page_id=83#primaryimage\",\"url\":\"https:\\\/\\\/psiholoskapraksagrbavac.hr\\\/wp-content\\\/uploads\\\/2025\\\/02\\\/WhatsApp-Image-2025-02-01-at-22.54.58-3.jpeg\",\"contentUrl\":\"https:\\\/\\\/psiholoskapraksagrbavac.hr\\\/wp-content\\\/uploads\\\/2025\\\/02\\\/WhatsApp-Image-2025-02-01-at-22.54.58-3.jpeg\",\"width\":910,\"height\":1600},{\"@type\":\"BreadcrumbList\",\"@id\":\"https:\\\/\\\/psiholoskapraksagrbavac.hr\\\/?page_id=83#breadcrumb\",\"itemListElement\":[{\"@type\":\"ListItem\",\"position\":1,\"name\":\"Po\u010detna stranica\",\"item\":\"https:\\\/\\\/psiholoskapraksagrbavac.hr\\\/\"},{\"@type\":\"ListItem\",\"position\":2,\"name\":\"O meni&#8230;\"}]},{\"@type\":\"WebSite\",\"@id\":\"https:\\\/\\\/psiholoskapraksagrbavac.hr\\\/#website\",\"url\":\"https:\\\/\\\/psiholoskapraksagrbavac.hr\\\/\",\"name\":\"Growing Minds privatna psiholo\u0161ka praksa Mia Grbavac\",\"description\":\"Psiholog Split\",\"publisher\":{\"@id\":\"https:\\\/\\\/psiholoskapraksagrbavac.hr\\\/#organization\"},\"potentialAction\":[{\"@type\":\"SearchAction\",\"target\":{\"@type\":\"EntryPoint\",\"urlTemplate\":\"https:\\\/\\\/psiholoskapraksagrbavac.hr\\\/?s={search_term_string}\"},\"query-input\":{\"@type\":\"PropertyValueSpecification\",\"valueRequired\":true,\"valueName\":\"search_term_string\"}}],\"inLanguage\":\"hr\"},{\"@type\":\"Organization\",\"@id\":\"https:\\\/\\\/psiholoskapraksagrbavac.hr\\\/#organization\",\"name\":\"Growing Minds privatna psiholo\u0161ka praksa Mia Grbavac\",\"url\":\"https:\\\/\\\/psiholoskapraksagrbavac.hr\\\/\",\"logo\":{\"@type\":\"ImageObject\",\"inLanguage\":\"hr\",\"@id\":\"https:\\\/\\\/psiholoskapraksagrbavac.hr\\\/#\\\/schema\\\/logo\\\/image\\\/\",\"url\":\"https:\\\/\\\/psiholoskapraksagrbavac.hr\\\/wp-content\\\/uploads\\\/2025\\\/02\\\/1738595914855.jpg\",\"contentUrl\":\"https:\\\/\\\/psiholoskapraksagrbavac.hr\\\/wp-content\\\/uploads\\\/2025\\\/02\\\/1738595914855.jpg\",\"width\":1429,\"height\":2000,\"caption\":\"Growing Minds privatna psiholo\u0161ka praksa Mia Grbavac\"},\"image\":{\"@id\":\"https:\\\/\\\/psiholoskapraksagrbavac.hr\\\/#\\\/schema\\\/logo\\\/image\\\/\"},\"sameAs\":[\"https:\\\/\\\/www.facebook.com\\\/profile.php?id=61570028410132\",\"https:\\\/\\\/www.instagram.com\\\/growingminds_split\\\/\"]}]}<\/script>\n<!-- \/ Yoast SEO plugin. -->","yoast_head_json":{"title":"Growing Minds | Psiholog Split","description":"Psiholog Split - Mia Grbavac, stru\u010dna psiholo\u0161ka pomo\u0107 za djecu, mlade i roditelje. Nudimo usluge psiholo\u0161kog savjetovanja i dijagnostike.","robots":{"index":"index","follow":"follow","max-snippet":"max-snippet:-1","max-image-preview":"max-image-preview:large","max-video-preview":"max-video-preview:-1"},"canonical":"https:\/\/psiholoskapraksagrbavac.hr\/?page_id=83","og_locale":"hr_HR","og_type":"article","og_title":"Growing Minds | Psiholog Split","og_description":"Psiholog Split - Mia Grbavac, stru\u010dna psiholo\u0161ka pomo\u0107 za djecu, mlade i roditelje. Nudimo usluge psiholo\u0161kog savjetovanja i dijagnostike.","og_url":"https:\/\/psiholoskapraksagrbavac.hr\/?page_id=83","og_site_name":"Growing Minds privatna psiholo\u0161ka praksa Mia Grbavac","article_publisher":"https:\/\/www.facebook.com\/profile.php?id=61570028410132","article_modified_time":"2025-08-25T11:51:36+00:00","og_image":[{"url":"https:\/\/psiholoskapraksagrbavac.hr\/wp-content\/uploads\/2025\/02\/WhatsApp-Image-2025-02-01-at-22.54.58-3.jpeg","type":"","width":"","height":""}],"twitter_card":"summary_large_image","twitter_misc":{"Procijenjeno vrijeme \u010ditanja":"3 minute"},"schema":{"@context":"https:\/\/schema.org","@graph":[{"@type":"WebPage","@id":"https:\/\/psiholoskapraksagrbavac.hr\/?page_id=83","url":"https:\/\/psiholoskapraksagrbavac.hr\/?page_id=83","name":"Growing Minds | Psiholog Split","isPartOf":{"@id":"https:\/\/psiholoskapraksagrbavac.hr\/#website"},"primaryImageOfPage":{"@id":"https:\/\/psiholoskapraksagrbavac.hr\/?page_id=83#primaryimage"},"image":{"@id":"https:\/\/psiholoskapraksagrbavac.hr\/?page_id=83#primaryimage"},"thumbnailUrl":"https:\/\/psiholoskapraksagrbavac.hr\/wp-content\/uploads\/2025\/02\/WhatsApp-Image-2025-02-01-at-22.54.58-3.jpeg","datePublished":"2025-02-03T14:27:32+00:00","dateModified":"2025-08-25T11:51:36+00:00","description":"Psiholog Split - Mia Grbavac, stru\u010dna psiholo\u0161ka pomo\u0107 za djecu, mlade i roditelje. Nudimo usluge psiholo\u0161kog savjetovanja i dijagnostike.","breadcrumb":{"@id":"https:\/\/psiholoskapraksagrbavac.hr\/?page_id=83#breadcrumb"},"inLanguage":"hr","potentialAction":[{"@type":"ReadAction","target":["https:\/\/psiholoskapraksagrbavac.hr\/?page_id=83"]}]},{"@type":"ImageObject","inLanguage":"hr","@id":"https:\/\/psiholoskapraksagrbavac.hr\/?page_id=83#primaryimage","url":"https:\/\/psiholoskapraksagrbavac.hr\/wp-content\/uploads\/2025\/02\/WhatsApp-Image-2025-02-01-at-22.54.58-3.jpeg","contentUrl":"https:\/\/psiholoskapraksagrbavac.hr\/wp-content\/uploads\/2025\/02\/WhatsApp-Image-2025-02-01-at-22.54.58-3.jpeg","width":910,"height":1600},{"@type":"BreadcrumbList","@id":"https:\/\/psiholoskapraksagrbavac.hr\/?page_id=83#breadcrumb","itemListElement":[{"@type":"ListItem","position":1,"name":"Po\u010detna stranica","item":"https:\/\/psiholoskapraksagrbavac.hr\/"},{"@type":"ListItem","position":2,"name":"O meni&#8230;"}]},{"@type":"WebSite","@id":"https:\/\/psiholoskapraksagrbavac.hr\/#website","url":"https:\/\/psiholoskapraksagrbavac.hr\/","name":"Growing Minds privatna psiholo\u0161ka praksa Mia Grbavac","description":"Psiholog Split","publisher":{"@id":"https:\/\/psiholoskapraksagrbavac.hr\/#organization"},"potentialAction":[{"@type":"SearchAction","target":{"@type":"EntryPoint","urlTemplate":"https:\/\/psiholoskapraksagrbavac.hr\/?s={search_term_string}"},"query-input":{"@type":"PropertyValueSpecification","valueRequired":true,"valueName":"search_term_string"}}],"inLanguage":"hr"},{"@type":"Organization","@id":"https:\/\/psiholoskapraksagrbavac.hr\/#organization","name":"Growing Minds privatna psiholo\u0161ka praksa Mia Grbavac","url":"https:\/\/psiholoskapraksagrbavac.hr\/","logo":{"@type":"ImageObject","inLanguage":"hr","@id":"https:\/\/psiholoskapraksagrbavac.hr\/#\/schema\/logo\/image\/","url":"https:\/\/psiholoskapraksagrbavac.hr\/wp-content\/uploads\/2025\/02\/1738595914855.jpg","contentUrl":"https:\/\/psiholoskapraksagrbavac.hr\/wp-content\/uploads\/2025\/02\/1738595914855.jpg","width":1429,"height":2000,"caption":"Growing Minds privatna psiholo\u0161ka praksa Mia Grbavac"},"image":{"@id":"https:\/\/psiholoskapraksagrbavac.hr\/#\/schema\/logo\/image\/"},"sameAs":["https:\/\/www.facebook.com\/profile.php?id=61570028410132","https:\/\/www.instagram.com\/growingminds_split\/"]}]}},"_links":{"self":[{"href":"https:\/\/psiholoskapraksagrbavac.hr\/index.php?rest_route=\/wp\/v2\/pages\/83","targetHints":{"allow":["GET"]}}],"collection":[{"href":"https:\/\/psiholoskapraksagrbavac.hr\/index.php?rest_route=\/wp\/v2\/pages"}],"about":[{"href":"https:\/\/psiholoskapraksagrbavac.hr\/index.php?rest_route=\/wp\/v2\/types\/page"}],"author":[{"embeddable":true,"href":"https:\/\/psiholoskapraksagrbavac.hr\/index.php?rest_route=\/wp\/v2\/users\/1"}],"replies":[{"embeddable":true,"href":"https:\/\/psiholoskapraksagrbavac.hr\/index.php?rest_route=%2Fwp%2Fv2%2Fcomments&post=83"}],"version-history":[{"count":59,"href":"https:\/\/psiholoskapraksagrbavac.hr\/index.php?rest_route=\/wp\/v2\/pages\/83\/revisions"}],"predecessor-version":[{"id":314,"href":"https:\/\/psiholoskapraksagrbavac.hr\/index.php?rest_route=\/wp\/v2\/pages\/83\/revisions\/314"}],"wp:attachment":[{"href":"https:\/\/psiholoskapraksagrbavac.hr\/index.php?rest_route=%2Fwp%2Fv2%2Fmedia&parent=83"}],"curies":[{"name":"wp","href":"https:\/\/api.w.org\/{rel}","templated":true}]}}